[INFO] cloning repository https://github.com/p1ayer0ne/alfred-button
[INFO] running `Command { std: "git" "-c" "credential.helper=" "-c" "credential.helper=/workspace/cargo-home/bin/git-credential-null" "clone" "--bare" "https://github.com/p1ayer0ne/alfred-button" "/workspace/cache/git-repos/https%3A%2F%2Fgithub.com%2Fp1ayer0ne%2Falfred-button", kill_on_drop: false }`
[INFO] [stderr] Cloning into bare repository '/workspace/cache/git-repos/https%3A%2F%2Fgithub.com%2Fp1ayer0ne%2Falfred-button'...
[INFO] running `Command { std: "git" "rev-parse" "HEAD", kill_on_drop: false }`
[INFO] [stdout] e0220aea4cabcbee11550632ac920e9cc508e5c9
[INFO] checking p1ayer0ne/alfred-button against try#72f88fc4e9458f89516a0b8b0868f3718aec5b47 for pr-74989
[INFO] running `Command { std: "git" "clone" "/workspace/cache/git-repos/https%3A%2F%2Fgithub.com%2Fp1ayer0ne%2Falfred-button" "/workspace/builds/worker-13/source", kill_on_drop: false }`
[INFO] [stderr] Cloning into '/workspace/builds/worker-13/source'...
[INFO] [stderr] done.
[INFO] validating manifest of git repo https://github.com/p1ayer0ne/alfred-button on toolchain 72f88fc4e9458f89516a0b8b0868f3718aec5b47
[INFO] running `Command { std: "/workspace/cargo-home/bin/cargo" "+72f88fc4e9458f89516a0b8b0868f3718aec5b47" "read-manifest" "--manifest-path" "Cargo.toml", kill_on_drop: false }`
[INFO] started tweaking git repo https://github.com/p1ayer0ne/alfred-button
[INFO] finished tweaking git repo https://github.com/p1ayer0ne/alfred-button
[INFO] tweaked toml for git repo https://github.com/p1ayer0ne/alfred-button written to /workspace/builds/worker-13/source/Cargo.toml
[INFO] crate git repo https://github.com/p1ayer0ne/alfred-button already has a lockfile, it will not be regenerated
[INFO] running `Command { std: "/workspace/cargo-home/bin/cargo" "+72f88fc4e9458f89516a0b8b0868f3718aec5b47" "fetch" "--locked" "--manifest-path" "Cargo.toml", kill_on_drop: false }`
[INFO] [stderr]     Updating git repository `https://github.com/carllerche/mio`
[INFO] [stderr] error: the lock file /workspace/builds/worker-13/source/Cargo.lock needs to be updated but --locked was passed to prevent this
[INFO] [stderr] If you want to try to generate the lock file without accessing the network, use the --offline flag.
[INFO] the lockfile is outdated, regenerating it
[INFO] running `Command { std: "/workspace/cargo-home/bin/cargo" "+72f88fc4e9458f89516a0b8b0868f3718aec5b47" "generate-lockfile" "--manifest-path" "Cargo.toml" "-Zno-index-update", kill_on_drop: false }`
[INFO] [stderr]     Updating git repository `https://github.com/carllerche/mio`
[INFO] running `Command { std: "/workspace/cargo-home/bin/cargo" "+72f88fc4e9458f89516a0b8b0868f3718aec5b47" "fetch" "--locked" "--manifest-path" "Cargo.toml", kill_on_drop: false }`
[INFO] [stderr]     Blocking waiting for file lock on package cache
[INFO] running `Command { std: "docker" "create" "-v" "/var/lib/crater-agent-workspace/builds/worker-13/target:/opt/rustwide/target:rw,Z" "-v" "/var/lib/crater-agent-workspace/builds/worker-13/source:/opt/rustwide/workdir:ro,Z" "-v" "/var/lib/crater-agent-workspace/cargo-home:/opt/rustwide/cargo-home:ro,Z" "-v" "/var/lib/crater-agent-workspace/rustup-home:/opt/rustwide/rustup-home:ro,Z" "-e" "SOURCE_DIR=/opt/rustwide/workdir" "-e" "CARGO_TARGET_DIR=/opt/rustwide/target" "-e" "CARGO_HOME=/opt/rustwide/cargo-home" "-e" "RUSTUP_HOME=/opt/rustwide/rustup-home" "-w" "/opt/rustwide/workdir" "-m" "1610612736" "--user" "0:0" "--network" "none" "rustops/crates-build-env@sha256:d92eaeed33fa75130ca1ee6c8a01d1ffb62bac859dfdfb3450e3e5d1c0146529" "/opt/rustwide/cargo-home/bin/cargo" "+72f88fc4e9458f89516a0b8b0868f3718aec5b47" "metadata" "--no-deps" "--format-version=1", kill_on_drop: false }`
[INFO] [stdout] 6db74af57e13a70c41267521b53a61dd5383cdc45546e3e18b6a45f6ed69f9e8
[INFO] [stderr] WARNING: Your kernel does not support swap limit capabilities or the cgroup is not mounted. Memory limited without swap.
[INFO] running `Command { std: "docker" "start" "-a" "6db74af57e13a70c41267521b53a61dd5383cdc45546e3e18b6a45f6ed69f9e8", kill_on_drop: false }`
[INFO] running `Command { std: "docker" "inspect" "6db74af57e13a70c41267521b53a61dd5383cdc45546e3e18b6a45f6ed69f9e8", kill_on_drop: false }`
[INFO] running `Command { std: "docker" "rm" "-f" "6db74af57e13a70c41267521b53a61dd5383cdc45546e3e18b6a45f6ed69f9e8", kill_on_drop: false }`
[INFO] [stdout] 6db74af57e13a70c41267521b53a61dd5383cdc45546e3e18b6a45f6ed69f9e8
[INFO] running `Command { std: "docker" "create" "-v" "/var/lib/crater-agent-workspace/builds/worker-13/target:/opt/rustwide/target:rw,Z" "-v" "/var/lib/crater-agent-workspace/builds/worker-13/source:/opt/rustwide/workdir:ro,Z" "-v" "/var/lib/crater-agent-workspace/cargo-home:/opt/rustwide/cargo-home:ro,Z" "-v" "/var/lib/crater-agent-workspace/rustup-home:/opt/rustwide/rustup-home:ro,Z" "-e" "SOURCE_DIR=/opt/rustwide/workdir" "-e" "CARGO_TARGET_DIR=/opt/rustwide/target" "-e" "CARGO_INCREMENTAL=0" "-e" "RUST_BACKTRACE=full" "-e" "RUSTFLAGS=--cap-lints=forbid" "-e" "CARGO_HOME=/opt/rustwide/cargo-home" "-e" "RUSTUP_HOME=/opt/rustwide/rustup-home" "-w" "/opt/rustwide/workdir" "-m" "1610612736" "--user" "0:0" "--network" "none" "rustops/crates-build-env@sha256:d92eaeed33fa75130ca1ee6c8a01d1ffb62bac859dfdfb3450e3e5d1c0146529" "/opt/rustwide/cargo-home/bin/cargo" "+72f88fc4e9458f89516a0b8b0868f3718aec5b47" "check" "--frozen" "--all" "--all-targets" "--message-format=json", kill_on_drop: false }`
[INFO] [stdout] 03e3e7694cd3ff3e41b1e774cd9bf0d200e31794ba018648add00a30264d8cba
[INFO] [stderr] WARNING: Your kernel does not support swap limit capabilities or the cgroup is not mounted. Memory limited without swap.
[INFO] running `Command { std: "docker" "start" "-a" "03e3e7694cd3ff3e41b1e774cd9bf0d200e31794ba018648add00a30264d8cba", kill_on_drop: false }`
[INFO] [stderr]     Checking mio v0.7.0 (https://github.com/carllerche/mio#eef8d3b9)
[INFO] [stderr]     Checking alfred v0.1.0 (/opt/rustwide/workdir)
[INFO] [stdout] error[E0432]: unresolved imports `mio::Ready`, `mio::PollOpt`
[INFO] [stdout]  --> src/main.rs:6:25
[INFO] [stdout]   |
[INFO] [stdout] 6 | use mio::{Events, Poll, Ready, PollOpt, Token};
[INFO] [stdout]   |                         ^^^^^  ^^^^^^^ no `PollOpt` in the root
[INFO] [stdout]   |                         |
[INFO] [stdout]   |                         no `Ready` in the root
[INFO] [stdout] 
[INFO] [stdout] 
[INFO] [stdout] error[E0432]: unresolved import `mio::net`
[INFO] [stdout]  --> src/main.rs:7:10
[INFO] [stdout]   |
[INFO] [stdout] 7 | use mio::net::{TcpListener, TcpStream};
[INFO] [stdout]   |          ^^^ could not find `net` in `mio`
[INFO] [stdout] 
[INFO] [stdout] 
[INFO] [stdout] error[E0432]: unresolved imports `mio::Ready`, `mio::PollOpt`
[INFO] [stdout]  --> src/main.rs:6:25
[INFO] [stdout]   |
[INFO] [stdout] 6 | use mio::{Events, Poll, Ready, PollOpt, Token};
[INFO] [stdout]   |                         ^^^^^  ^^^^^^^ no `PollOpt` in the root
[INFO] [stdout]   |                         |
[INFO] [stdout]   |                         no `Ready` in the root
[INFO] [stdout] 
[INFO] [stdout] 
[INFO] [stdout] error[E0432]: unresolved import `mio::net`
[INFO] [stdout]  --> src/main.rs:7:10
[INFO] [stdout]   |
[INFO] [stdout] 7 | use mio::net::{TcpListener, TcpStream};
[INFO] [stdout]   |          ^^^ could not find `net` in `mio`
[INFO] [stdout] 
[INFO] [stdout] 
[INFO] [stdout] error[E0599]: no function or associated item named `new` found for struct `mio::Poll` in the current scope
[INFO] [stdout]   --> src/main.rs:26:22
[INFO] [stdout]    |
[INFO] [stdout] 26 |     let poll = Poll::new().unwrap();
[INFO] [stdout]    |                      ^^^ function or associated item not found in `mio::Poll`
[INFO] [stdout] 
[INFO] [stdout] 
[INFO] [stdout] error[E0599]: no function or associated item named `new` found for struct `mio::Poll` in the current scope
[INFO] [stdout]   --> src/main.rs:26:22
[INFO] [stdout]    |
[INFO] [stdout] 26 |     let poll = Poll::new().unwrap();
[INFO] [stdout]    |                      ^^^ function or associated item not found in `mio::Poll`
[INFO] [stdout] 
[INFO] [stdout] 
[INFO] [stdout] error: aborting due to 3 previous errors
[INFO] [stdout] 
[INFO] [stdout] 
[INFO] [stdout] Some errors have detailed explanations: E0432, E0599.
[INFO] [stdout] 
[INFO] [stdout] For more information about an error, try `rustc --explain E0432`.
[INFO] [stdout] 
[INFO] [stderr] error: could not compile `alfred`.
[INFO] [stdout] error: aborting due to 3 previous errors
[INFO] [stdout] 
[INFO] [stdout] 
[INFO] [stderr] 
[INFO] [stdout] Some errors have detailed explanations: E0432, E0599.
[INFO] [stdout] 
[INFO] [stderr] To learn more, run the command again with --verbose.
[INFO] [stdout] For more information about an error, try `rustc --explain E0432`.
[INFO] [stdout] 
[INFO] [stderr] warning: build failed, waiting for other jobs to finish...
[INFO] [stderr] error: build failed
[INFO] running `Command { std: "docker" "inspect" "03e3e7694cd3ff3e41b1e774cd9bf0d200e31794ba018648add00a30264d8cba", kill_on_drop: false }`
[INFO] running `Command { std: "docker" "rm" "-f" "03e3e7694cd3ff3e41b1e774cd9bf0d200e31794ba018648add00a30264d8cba", kill_on_drop: false }`
[INFO] [stdout] 03e3e7694cd3ff3e41b1e774cd9bf0d200e31794ba018648add00a30264d8cba
